 + -90.
-46
Evaluate -3 + -3 + (65 - (61 + -31)).
29
What is the value of (-27 - -3) + 24 + 27 + 63?
90
Evaluate (40 - 35 - (-29 - -20)) + -23.
-9
-9 + 78 - (8 + -2) - (-5 - (6 - 18))
56
8 - (-47 - (-19 - 3)) - (1 - 3)
35
What is -11 + -63 + 3 - (-28 - -22)?
-65
Calculate (-54 - -49 - (-7 + -2)) + 12 - -49.
65
Calculate -1 + 8 + (46 - (13 + 32)) - -8.
16
Evaluate (50 - (-26 + 53)) + -42.
-19
15267 - 15171 - (148 + 0)
-52
What is the value of 47 + -10 + 6 + (257 - 284)?
16
Evaluate (2 - -1) + (-67 - (-19 + 1)) + (5 - 1).
-42
-46 - (122 + -138) - -73
43
Evaluate 158 - 62 - (11 - -2).
83
Calculate (-79 + 55 - -73) + -10 + -37.
2
What is (-12 - 7) + 11 - -11 - -23?
26
What is the value of (52 - (4 + 36)) + 22?
34
Evaluate 62 - ((-12 - 92) + 149).
17
Calculate -54 - (41 - 94 - -74) - (-6 + (0 - -1)).
-70
What is -41 - (0 + 9 + 2 + -30)?
-22
What is the value of (1 - -9) + (-2 - ((-49 - -44) + 2 + 0))?
11
What is -140 + 205 + -210 - -102?
-43
Evaluate (64 - 3) + (-1480 - -1407).
-12
What is 175 + -223 + (12 - -20)?
-16
(16 - (113 - 119 - (2 + -9))) + -5
10
What is -50 + (-19 - -97) + -18?
10
What is the value of (6 - -16) + 5 + -25 - (13 - 1)?
-10
Calculate -4 - (-4 - 6) - (-96 - -83).
19
3 + -80 + (442 - 362)
3
What is 10 + 27 - 29 - (-5 + 10 - -13)?
-10
9 + (-48 - -45 - (-6 - 0) - (-7 + 3))
16
Calculate -6 - (9 + 12 - (-1 - 20)).
-48
What is the value of (26 - -2) + (-166 - -141)?
3
What is 86 - (216 - 80) - 30?
-80
Calculate -9 + -3 - (0 + -11 + 14 + -52).
37
1 + 61 - (-2093 + 2183)
-28
What is -2 - 18 - (690 - 752)?
42
-6 + (-1 - -17 - (74 + -31 + -5))
-28
What is the value of -19 + 122 + -107 + (2 - 25)?
-27
What is the value of 2 - 28 - -29 - (6 + (0 - -3))?
-6
-13 - -34 - (-140 + 149)
12
-44 - 2 - ((-77 - -79) + -18)
-30
What is 27 + 66 + (4 + -14 + 0 - 10)?
73
What is 6291 + -6201 + 1 + -99?
-8
Calculate 6 - (17 - (48 + -13) - (-1 - -30)).
53
Evaluate (-2 - ((11 - 9) + -9)) + -7 + -33 + 4.
-31
(23 - (-9 - -36)) + 55 + 1 + -6
46
Calculate -60 - -1 - (25 - 50).
-34
Evaluate 43 + -81 + 85 - (-9 + 34).
22
Calculate -3 - ((-9 - (-13 - 22 - -12)) + 7).
-24
What is the value of -19 + (1 + -1 + -4 - (-326 + 214))?
89
What is the value of -41 + 12 - (177 - 238)?
32
What is the value of -835 + 841 + -29 + 0 + -60?
-83
What is 26 + (1 - 19) + 18 + -21?
5
Calculate -45 - (-20 - -11) - (-3 + (5 - 7)).
-31
Evaluate 19 + (-113 - (-144 - -120)).
-70
Calculate -4 - -117 - (-11 - (-19 - -44) - -30).
119
Calculate -418 - -503 - ((-11 - -3) + -10).
103
-9 + (-29 - (38 + -42)) - -33
-1
36 + (-95 - (-109 + 65))
-15
Calculate 0 + -1 + 255 + -243 + (-26 - -6) - -64.
55
Evaluate -43 + (16 - -2 - (-13 + 50 + -29)).
-33
Calculate -34 - (-17 - (2 + 32 + -41)).
-24
4 + -2 - 19 - (1463 + -1460)
-20
What is the value of (-93 - -172) + -193 - -34?
-80
Evaluate (20 - (1 + 1)) + -166 + 156 + (-6 - -18).
20
What is -4502 + 4483 + (90 - -2)?
73
What is (18 - 40) + (10 - -17) - -5?
10
Evaluate -43 - (-31 + (10 - 0)) - -44.
22
What is the value of 78 - 56 - 17 - (-1 - 4 - 1)?
11
What is 137 + 25 + -268 - -93?
-13
Calculate (6 - (49 - 5)) + 61.
23
Evaluate 75 + -8 + 12 + -240 + 238.
77
Calculate (-144 - -65) + 32 - 29.
-76
Evaluate -145 - (-17 + 110 + -253).
15
Calculate (4 - (4 - (12 + -5))) + 4.
11
What is -157 + 137 + (-1 - -2) + -13?
-32
What is the value of -250 + (160 - 9) + -13?
-112
-42 - (9 + (-6 + -8 - (-8 - 5)))
-50
What is the value of (-181 + 119 - -24) + -79?
-117
(39 + -21 - (119 - 10)) + (-3 - 11)
-105
What is (6 - (-1 - -6) - -9) + (-69 - -5)?
-54
What is the value of -32 - (-79 - (28 - 41))?
34
Calculate (314 - 291) + 12 + (-4 - -3) + 0.
34
Calculate -5 + 4 + -3 + (31 - -24) + -62.
-11
What is 10 + (-68 - (-11 - 12)) - -12?
-23
What is -9 + 2 - (-3 + -10 + 24 + -19 + 11)?
-10
What is (-2 - -12) + (-25 - (6 + 6 + -17)) - -33?
23
What is -41 - 1 - (-112 + 58 + 139)?
-127
Calculate (-19 + 34 - 22) + -1 - (-2 - (-36 + -1)).
-43
Calculate -16 + 2 + 6 + (16 + -39 - 9).
-40
Calculate -62 + 79 + (-4 - (-19 + 9)).
23
What is the value of 151 + -23 + (-717 - -705) + -1 + 1 + 10?
126
Calculate (13 - (12 - 5 - 5)) + (-87 - -144) + 4.
72
What is -103 - (-21 + -68 + 34 + 26)?
-74
Calculate (0 - (-62 + 4)) + (6 - 21 - (-31 + 22)).
52
Calculate -73 - (71 - 131 - 12).
-1
Calculate 64 + 136 + -132 - -4.
72
What is the value of -27 + 2 + (881 - 752)?
104
Calculate -73 + 30 + 37 - 17.
-23
What is -96 + -58 + 110 + 56?
12
11 + -19 + 11 + 2 + (-1 - 1) + -32
-29
Evaluate (64 - (-2 - (3 + 1))) + 4.
74
What is the value of 1 + (-11 - (3 + -5) - (-335 - -338))?
-11
Evaluate 25 + -5 + (-1 - 41 - -31).
9
Evaluate -59 + (-40 - -44 - -68).
13
17 + (8 - 4 - (-14 - (12 + -17)))
30
What is the value of 2 - (-33 + 2 + 16 - 84)?
101
Evaluate (-24 + -29 - -11) + (-8 - -9 - 8).
-49
(-36 - (-29 - -17)) + (-15 - -67) - 9
19
What is the value of (10 - (30 + 22 + 9 + -18)) + -12?
-45
What is -68 - (-71 - 55) - 73?
-15
(5 + -3 - -16) + (-130 - -154) + 0 + -22
20
Calculate -153 + 147 - (-2 + 4 + -8).
0
Evaluate -44 - 2 - (-19 - 37 - -44).
-34
What is -115 - -32 - (-111 + 80)?
-52
Calculate (34 - 3 - 20) + (0 - -3 - 18) + 68.
64
14 - (-7 + -6 - (4 + 14 + -156 - -8))
-103
What is -31 + 30 + (43 - (-7 - (3 - 18)) - -5)?
39
What is the value of (23 - 30 - (2 - -10)) + (-35 - 1)?
-55
What is 20 + (4961 - 4962) + (-17 - (0 + -1))?
3
Evaluate -7 - (47 + -101 + -5 + (-2 - 6)).
60
What is 2 + -16 - (-20 - (-23 + -21 + 53))?
15
(-20 - -10 - -5) + 2 + -31
-34
What is (-20 + -23 - (-25 + 2)) + 29?
9
What is the value of (-8 - (-6 - -13)) + 19 - -20?
24
What is ((3 - 19) + -28 + 41 - -6) + 32?
35
-20 + -44 - (7 + -5 + 5 - (-2 + 4))
-69
19 + (-2 - 29) - (-10 + 0)
-2
8 - (-102 - (8 - (18 + -2 + (26 - 43))))
119
What is the value of (-36 + 62 - -8) + -20?
14
What is the value of 11 - (57 + (22 - 29) + 5 + 6)?
-50
What is the value of 52 - (-9 + -10 + 65)?
6
What is the value of -3 + 65 + -2 - (-2 - (47 + -39))?
70
What is the value of (14 - 18) + (3 - 28 - (5 - (-15 - -11)))?
-38
Calculate (4 + -6 + 1 - 25) + 21 + -32 + 4.
-33
What is -8 - (-24 - (3 - 9) - (-6 - 0))?
4
What is (-10 - 82) + (-28 - -68)?
-52
(-23 + 0 - -8) + 5 + (-38 - -2)
-46
Calculate (-4 - (-3 + 5)) + 88 + (-16 - -6) + -1.
71
What is the value of -1364 - -1273 - (-140 - -1)?
48
Evaluate (4 - (-11 + 22)) + 37 + 4 + 5 - 0.
39
Evaluate 1575 + -1562 - (26 - 0).
-13
What is the value of 1 - (-4 - 32 - (49 + -11))?
75
Calculate 18 + (-8 + (-19 - 32) - 7).
-48
What is -102 + 147 + -67 + 25 + 0 - 86?
-83
What is 51 - (-80 + 290 - 69)?
-90
What is -62 - (-31 + (50 - 15) + 0 + -1)?
-65
Calculate -14 + (-138 - -61) - -48.
-43
Calculate (3 + 0 - -10) + 18 + -23 + (2 - 3).
7
Calculate 879 + -758 - (22 - -4).
95
What is -8 - (-5 + 45 - (12 - (14 - 7)))?
-43
Calculate 11 + 8 + -127 - (-1 + (-40 - -30)).
-97
What is the value of (-78 - (-58 + 14)) + 126?
92
Calculate (-99 - -22) + 24 + 18 - 18.
-53
Calculate -9 + -17 + 8 + 11 - -14 - 45.
-38
What is the value of -99 + 108 - ((-11 - 58) + 1 + -2) - 8?
71
What is the value of 46 - ((-12 - -8 - (-12 - 12)) + -15)?
41
What is (14 - (9 + 1) - (-7 + 10)) + 33?
34
What is 1 + -53 + (-227 + 240 - -17)?
-22
Calculate (-253 - -250) + -1 + 27 - 77.
-54
What is the value of -1019 - -1081 - (140 + 6)?
-84
What is (19 - 10) + 8 + 0 + -9 + -11 - 80?
-83
Evaluate -10 + -17 + 48 + 29.
50
What is 229 - 165 - (-6 - -30)?
40
What is the value of -145 + 144 + 16 + 1 + -29 - -6 - 24?
-31
What is the value of 9 - 24 - (-53 - -1 - (-56 - -65))?
46
Calculate 25 + -4 + -28 + -4 + -55.
-66
Evaluate 41 + (-8 - (-9 + -6) - 9 - 20).
19
What is -6 - (-9 + -39 + 8)?
34
25 - (-8 - (12 + -4 + -10 - -15))
46
(-16 - 8) + 20 + -18 - 49
-71
23 + 18 - (-17 + 0 + 7 + 7 - -6)
38
What is the value of -3 - (-3 - -4 - 0) - (37 - (-133 - -38))?
-136
Calculate (48 - -8) + -3 + (-8 - -8) + 1.
54
Calculate 23 + -11 + -39 - -34.
7
What is 148 - (151 + -25) - (1 - 27)?
48
-1 + 19 - (6 + (-13 + 8 - 12) - -13)
16
Evaluate -23 + 54 + (11 - 23) - 8.
11
What is the value of (68 - (9 - 18 - 4)) + -27?
54
Calculate -7 - (0 + (4 - -3) + -7 - -4).
-11
-56 - ((4 - -2) + -12 + -2 + -1)
-47
Calculate 8 + -1 + (-51 - -86 - 25).
17
What is the value of -107 + (-126 - -219) + -2 + 2 + 45?
31
Evaluate -49 + 85 - 11 - -25.
50
What is (-27 - -1) + -5557 + 5557?
-26
What is the va